+ 56*n + 20 + 4*n**2. What is the units digit of h(-11)?
6
Suppose 3*t + 32 = -5*h, -2*h - 33 = 2*t - h. Let r = t - -20. What is the tens digit of ((-1)/(-2)*2)/(r/34)?
3
Suppose 33 = 4*r - 2*d + 7*d, 23 = -r + 5*d. Suppose -r*n + 203 = -137. Suppose n = 14*t - 9*t. What is the tens digit of t?
3
Suppose -1168 + 7003 = 3*l. What is the hundreds digit of l?
9
Let i = -108 - -108. Suppose i = -23*l + 63*l - 50520. What is the thousands digit of l?
1
Let y be 895 - -4 - 3/1. Suppose y = -5*d + 96. What is the tens digit of (30/(-75))/(2/d)?
3
What is the hundreds digit of -25115*(-10 - 432/(-45))?
0
Suppose -r + 2*y = -4*r + 1593, -y = 4*r - 2129. Let z = -3 + r. What is the hundreds digit of z?
5
Let l(c) = -3*c**3 - 20*c**2 - 46*c - 13. Let r be l(-5). Let g = 9 - -6. Suppose 19*k - g*k = r. What is the tens digit of k?
2
Suppose 4*r - 10 = 2*r. Let g be (6/r)/(4/10). Suppose 36 = 4*a + g*m, -a + 1 = 2*m - 3. What is the units digit of a?
2
Let d = -8 - -25. Suppose d*t = 19*t - 4. Suppose 3*w + t*w = -2*v + 14, 0 = 5*v + 3*w - 73. What is the units digit of v?
7
What is the units digit of (-6)/27 - 1600920/(-81)*2/4?
2
Let k(d) = 2 - 6 - 21*d - 30*d - 3. Let g be (1 - 5)*(0 - 9/(-18)). What is the tens digit of k(g)?
9
Let l be 5/((-2)/(-1) - 1). Let k = -194 + 246. Let a = l + k. What is the units digit of a?
7
Let v be (74/56 - (-48)/(-84))*-76. Let l(g) = g**3 + 9*g**2 + 2*g + 10. Let i be l(-8). Let p = i + v. What is the units digit of p?
1
Let t = -22 - -26. Suppose t*p - 12*p - 16 = 0. Let f(u) = u**2 - 2*u - 2. What is the units digit of f(p)?
6
Suppose 63 = 5*r + 548. Let t = r + 89. What is the tens digit of 1 + 1 - (-22 + t)?
3
Let o = 7 - 6. Let f be 3 - o - 2 - -2. Suppose -m + n = -64, -3*n - f*n = -2*m + 134. What is the tens digit of m?
6
Suppose 0 = 4*d + p - 16270, -14*p = -25*p - 66. What is the hundreds digit of d?
0
Suppose -103*b + 111*b + 56 = 0. Let c(q) = 5*q**2 - 14*q - 2. What is the hundreds digit of c(b)?
3
Suppose 4578 - 15543 = -6*n + 11493. What is the thousands digit of n?
3
Let g be 0/(-1) - (-9)/(9/(-26)). What is the units digit of -78*g/52*(-58)/(-3)?
4
Suppose -w + 264 = 2*w. Suppose 0*p - w = -s - 5*p, 120 = 2*s - 4*p. What is the tens digit of s?
6
Suppose -14 + 44 = 15*n. Suppose n*k - c = 894, 11*k - 9*k - 874 = -4*c. What is the tens digit of k?
4
Let h be 3 - (-43 + 5 + -2). Suppose 4*b - 1313 = 3*w + h, -w = -3*b + 1022. What is the tens digit of b?
4
Let o = 159 - 37. Suppose -t = -3*n + 92, 0 = -t + 2*t + 3*n + o. Let x = t + 154. What is the tens digit of x?
4
Let o(i) = 9*i**2 + 13*i - 12. Let t be o(10). Let h = t - 585. What is the tens digit of h?
3
Suppose 0 = 3*y, 0 = -z - 0*z + 2*y - 2. Let p be ((-234)/130)/(z/6770). What is the units digit of 6/(-15) + p/45?
5
Let a(l) = 43*l - 86. Suppose 8*q - 64 = -0. What is the units digit of a(q)?
8
Suppose 4*c = 6*b - 3*b + 212723, -b = -4*c + 212729. What is the thousands digit of c?
3
Let c(d) be the first derivative of d**2/2 + 20*d - 10. Let l be c(-11). What is the tens digit of 302/6 + (-3)/l?
5
Let n(a) = -2*a**3 - 30*a - 5 + 24*a - 5*a**2 + 2*a**3 - a**3. Let i be n(-4). What is the tens digit of 66 - (2 + i + -4)?
6
Let p(w) = -695*w**3 + 11*w**2 + 24*w + 3. What is the units digit of p(-2)?
9
Suppose 4*i = -5*i + 135. Suppose 2*a = 21 - i. Suppose -5*t + a = -4*t. What is the units digit of t?
3
What is the thousands digit of (-267984)/(-216)*((-2)/2 + 4)?
3
Let a = -83 - -68. Let q be 3/4 + -74*15/(-24). Let n = q - a. What is the tens digit of n?
6
Let h(q) = 5*q**2 - 2*q + 4. Let g be h(-3). Let s be 183 - -12*4/8. Suppose g*m + s = 58*m. What is the tens digit of m?
6
What is the tens digit of ((-711)/(-9))/((16/28)/4)?
5
Suppose d - 4*l + 2*l - 6148 = 0, -15 = 3*l. What is the tens digit of d?
3
Let x be (-9 - -81)/(0 + 4/(-62)). Let h = -450 - x. Suppose h = 8*b + 18. What is the tens digit of b?
8
What is the units digit of (-10458 + 0)/(101/(-101))?
8
Let z(v) = -3*v**3 + 6*v**2 - 9*v + 15. Let d(x) = x**3 + x. Let b(j) = 4*d(j) + z(j). Let o be b(-7). What is the tens digit of (o + -116)/(-5) - 0?
2
Suppose -3*f + 10 = -3*b - 20, f + 3*b + 10 = 0. Let x(d) = 5*d**2 - 9*d - 21. Let i be x(-5). Suppose 3*u + f = i. What is the tens digit of u?
4
What is the hundreds digit of -1 + 8146 - (213 - 220)?
1
Suppose 7*u - 8 - 6 = 0. Suppose 26 = u*n - 2*q - 2*q, -4*q - 5 = n. Let d(r) = 3*r**2 + 6*r - 17. What is the hundreds digit of d(n)?
1
Suppose 3*m - 6*m = -6, -82 = d - 4*m. Let v = -10 - d. What is the tens digit of v?
6
Suppose -5*j = -j - 40. Suppose 41 = 43*i - 44*i. Let t = j - i. What is the units digit of t?
1
Suppose 57*h - 59*h = -10. Suppose -4*w + 0*x = x - 724, 896 = h*w - x. What is the units digit of w?
0
Let x be 16*813*9/54. Suppose -5*p - 2141 = -3*i, 0 = 5*i + 3*p - 1457 - x. What is the tens digit of i?
2
Suppose r - 28 = -3*r + 4*i, -1 = r + i. Let s be 1306/12 - r - 6/(-36). Suppose 2*x = -s + 312. What is the tens digit of x?
0
Suppose d - 4*k = 21088, -50*k + 12 = -46*k. What is the tens digit of d?
0
Let m = 24 - 19. Suppose 524 = 4*d - 5*t, -5*d + 632 = m*t - 68. Let i = d + -60. What is the units digit of i?
6
Suppose 775 = -4*t - 3*m, -4*m = -2*t + m - 355. Suppose 845 = -0*a + 3*a + 5*r, a + 3*r - 283 = 0. Let g = a + t. What is the units digit of g?
0
Let b = -1560 - -10711. What is the thousands digit of b?
9
Suppose -j = 2*w - 4 - 9, 4*j = w + 52. Suppose -8*q - 1006 + 1070 = 0. Suppose -q*u = -m - j*u + 180, -5*m - 3*u = -944. What is the hundreds digit of m?
1
Let j be 567/189 + (714 - 2/(-2)). Suppose 0 = -710*x + j*x - 712. What is the tens digit of x?
8
Suppose 0 = -2*l + 5*c + 17, -2*c + 0*c = l - 31. Let b be 4 - (-7)/(l/9). Let h(a) = a**3 - 7*a**2 + 5*a + 1. What is the units digit of h(b)?
6
Let l(n) = 361*n**2 + 17*n + 8. What is the hundreds digit of l(-2)?
4
Let a = 538 - 258. What is the units digit of 8/(64/10)*a?
0
Suppose 28844 + 48886 = 15*o. What is the units digit of o?
2
Suppose -60*r = -47*r - 808574. What is the ten thousands digit of r?
6
Let i(o) = o**2 - 5*o - 3. Let f be i(6). Suppose -297 = -0*u - f*u. Suppose 7*v - u = 4*v. What is the units digit of v?
3
What is the hundreds digit of (-429 - 19)/(-28) + 22121?
1
Let b be 4/28 + 22/(-7) - -615. Let h = -476 + b. What is the hundreds digit of h?
1
Let w(t) = -t - 12. Let q = 61 - 71. Let u be w(q). Let i(r) = -13*r**3 + r**2 + 2*r + 3. What is the tens digit of i(u)?
0
Let w = -1326 - -1475. What is the units digit of w?
9
What is the units digit of (-2640)/(-385) + (-1)/(-7)?
7
Let j = -40637 + 88839. What is the thousands digit of j?
8
Let h(b) be the first derivative of 7/2*b**2 - 34*b + 13. What is the tens digit of h(11)?
4
Let a(m) = 8*m + 12. Let z be a(-2). Let p be 0 + z/(3 - 2). Let y = p + 73. What is the tens digit of y?
6
Let h(l) = -2*l**3 + 22*l**2 + 26*l - 27. Let u be h(12). What is the hundreds digit of 566 + u*(-5)/(-3)?
5
Let a be -1 + 5/4 - (-22156)/16. Let b = -797 + a. What is the units digit of b?
8
Let t = 53933 - 28866. What is the tens digit of t?
6
Suppose u = -2*o + 52881, -863*u = -868*u - 4*o + 264429. What is the thousands digit of u?
2
Let n(h) = -h**3 - 6*h**2 - h + 2. Let f be n(-6). Suppose 0 = -4*a - j - 6, 2 = -5*j - f. What is the tens digit of (12/8)/(a - (-807)/798)?
3
Suppose -5*c + 2*h - 4*h = -8045, 4*h + 1631 = c. What is the thousands digit of c?
1
Let d = 398 + -298. Let k = 600 - d. What is the units digit of k?
0
Let j be (8/5)/(12/360). Let o = j - 36. What is the tens digit of (6/o)/(1/58)?
2
Let f = -11 + 13. Let p be f + 9182/(-5) - 2/(-5). What is the hundreds digit of (2/(-4))/(6 + 11011/p)?
1
Suppose 0 = 4*l - 2*p + 147 + 65, 2*l + 116 = -4*p. Let k = l + 141. Suppose -2*y + 782 = 5*g, -y - k - 224 = -2*g. What is the tens digit of g?
5
Suppose m = -4*h - 2135, -h - 431 = -3*m + 119. Let q = -90 - h. What is the units digit of q?
5
Let g(x) be the first derivative of 137*x**2/2 + 15*x - 37. What is the tens digit of g(4)?
6
Suppose 7 = 2*s - 6*t + 11*t, 4*s - 4*t - 28 = 0. What is the tens digit of (s + 165/(-22))/((-2)/832)?
2
Suppose -1281770 = -37*p - 360359. What is the units digit of p?
3
Let s(g) = g**3 + 4*g**2 + g + 3. Let l be s(-3). Suppose 16 + l = -5*